ate -3 - (1 - (4 - 14)) - (271 + -270).
-15
What is 35 + -1 + (4 - 1) - ((-28 - -7) + 10)?
48
What is the value of 97 - ((-46 - -149) + -36)?
30
Evaluate 50 + 3 + (-40 - -35).
48
What is the value of -77 - (8 + -22 + (10 + 1 - (-338 - -348)))?
-64
What is the value of -9 + 13 + -10 + 3 + (-9 - (6 + 90))?
-108
Evaluate 2333 + -2379 - (0 + 0 + -2).
-44
What is 1 + 1 + -23 + 105?
84
What is (-41 - (-42 - -20 - 3)) + 2 + -34?
-48
What is 1 + 22 + 69 + -68 + -43?
-19
Evaluate 29 + 181 + -26 + -91.
93
What is the value of 25 - (1 + -16) - 6 - (-10 - 1)?
45
Evaluate 13 - ((-1 - -87) + -115 + 97).
-55
Evaluate -143 - -167 - ((6 - -16) + -6).
8
Evaluate (52 - 66) + (8 - 23) + 9 + (-2 - -5).
-17
What is -35 - (-256 - -209) - (15 + 1)?
-4
Evaluate -11 - (-54 + 12 - -23).
8
What is -49 + 45 + -38 + 1?
-41
-9 + (13 - ((-3 - (-12 - -7)) + -36))
38
Calculate 16 + -25 + 16 + 7 - (-31 - 1).
46
Calculate (0 - (0 - 3)) + 6 + -37 + 3.
-25
Calculate 60 + ((-22 - -21) + -1 - -4) + 13 + 0.
75
What is (-118 + 64 - -135) + -25?
56
Calculate (5 - -19 - 13) + 22 + -2 + -14.
17
What is the value of -20 + (-11 - (41 + -11 + -25))?
-36
What is the value of 5 + (0 - (-15 - -48)) + 1 + 6 + -16?
-37
What is the value of -21 + 6 + (-11 + -2 - 0 - 0)?
-28
36 + -48 + (26 - (-2 + 4 + -5))
17
58 - ((12 - (-3 - -5)) + -3 + -10 + 3)
58
Calculate 74 - (58 + (-50 - -35)) - -10.
41
Evaluate -5 + (19 - -8) + -61 + 35.
-4
What is -88 + 25 - -40 - -124?
101
Evaluate -7 + 96 + -73 - (-9 + 42).
-17
Calculate (-20 + 6 + -7 - (-114 - -111)) + -11.
-29
Evaluate 57 - ((-17 - 5) + 0 + 39).
40
Evaluate -839 + 809 + 40 + 5.
15
What is the value of (-1 - -12) + 9 + (1 - 54)?
-33
25 + 1 + -53 + (101 - 17)
57
Evaluate (1 - 12) + 1 - ((98 - 89) + 22 + 7).
-48
What is (-9 - 23 - -40) + (-1 - 0) - (-1 + 29)?
-21
1 + 1 + 2 + 4 + -23 + 23
8
Evaluate 19 - (-17 - -4 - -20) - 22 - -27.
17
What is -42 + 36 + -1 + (41 - 5)?
29
126 + -163 + -42 + 135
56
-6 + -309 + 427 + 2 + -14
100
Evaluate -5 - (27 - -60 - 48).
-44
What is the value of (-76 - (-119 + 86 + (14 - 0))) + -12?
-69
What is the value of 7 - (3 - 37 - (85 - 107))?
19
-5 + 10 + 4 + (44 - -44 - 113)
-16
-53 + (114 - -15) + -35
41
Calculate -14 - (14 + 0 + (-3 - 5) - 8) - -1.
-11
Evaluate 1 + (891 - 887 - (-2 + 2 - -109)).
-104
Evaluate -28 - (61 + (-69 - 47)).
27
-2 - -7 - (-69 - -70) - (-26 - 1)
31
What is the value of 3 + -5 - (-175 - -172)?
1
(13 - 20 - 42) + (7 + 23 - 46)
-65
Evaluate (-11900 - -12010) + 0 + -106.
4
What is the value of -1 - 60 - (-550 - -557)?
-68
What is the value of (9 - (30 + -7)) + 17 - 32?
-29
What is (1 - 3) + -1 + 461 + -511?
-53
(-9 + (7 - 7) - -43) + -19
15
Calculate -6 + -6 - (531 - 569).
26
What is 114 + 41 + (26 - 125)?
56
Calculate 909 + -939 + (6 - 1).
-25
What is the value of -36 - (-94 + (86 - 44))?
16
-13 + (5 - 5) - (-422 - -431)
-22
3 - (7 + 30) - ((-11 - -34) + -25)
-32
What is -34 + -2 + -1 - -3 - (3002 - 3006)?
-30
Calculate -1 + 29 - (-7 - (-7 + -3 + -7)).
18
What is the value of 3 + 11 + ((14 - 2) + -23 - -5)?
8
What is -4 + -2 + (6 - -14) + (-109 - -197)?
102
Evaluate 46 + (57 - 73) + 35.
65
Calculate -3 + (0 + 14 - (508 - 488)).
-9
What is 115 + -113 - ((-21 - -8) + 6 - (0 + -4))?
5
29 - (-15 - -25 - -1)
18
-82 + (82 - -17) + (0 - -6)
23
What is 5 + (-18 - -40) + -22?
5
4 + 26 + (-26 - -13) + -6 - -18
29
What is the value of (94 - 59) + (-113 - -21)?
-57
What is the value of -49 + 20 + 19 + -18 + -16?
-44
What is the value of (-1686 - -1694) + -19 + (0 - 1) - -13?
1
Evaluate 5 + 6 + 22 + 12 + (-5 - -7).
47
Evaluate 9 + 59 + 15 + -50 + 67.
100
Calculate 8 - 11 - -37 - (54 - 30).
10
What is 47 - (65 + -37) - (-9 + -41)?
69
What is (-14 - (-71 - -27)) + -65 + (-11 - 1 - -3)?
-44
What is the value of (-402 - -426) + (-2 - -4 - 71)?
-45
Calculate (-4 - (-24 - -1 - -6 - -10) - 14) + -6.
-17
What is the value of 96 - 54 - 127 - -49?
-36
Evaluate -65 - 0 - (21 + -7 - (-8 - 0 - -34)).
-53
What is (-1121 - -1205) + (1 - (-5 + 3 + -13))?
100
Evaluate 96 + 0 - (14813 + -14803).
86
-13 - -11 - (389 - 376)
-15
Calculate -1006 + 984 + 0 + 17 + 2 + -6 + -51.
-60
Evaluate (46 - (117 - -18)) + -26.
-115
What is 0 - -21 - (-69 - (-196 - -39))?
-67
Evaluate 71 + -79 + 56 + -49.
-1
What is (1 - -1) + 33 + -35 - (-8 + (-1 - 121))?
130
-15 - ((22 - 37) + -7 + 103)
-96
49 + -55 - (56 - (-6 + 3 - -2))
-63
Calculate (162 - (123 - 21)) + -125.
-65
What is 18 - (37 + ((-32 - -12) + 33 - 22))?
-10
Calculate (4 - 21) + -55 + 71 + -46.
-47
What is the value of 16 + -11 + 3 + 6 + -11 + 41?
44
What is the value of (-8 - (7 + -3)) + (-64 - 2 - -144)?
66
What is the value of (-98 - -23) + (-138 - -310)?
97
What is the value of (0 - (2 + -3)) + -2 - (-87 + (-106 - -187))?
5
Calculate 9 + (12 - 32) + 9 + (0 - -33).
31
What is the value of 35 + -2 + (32 - (83 - 57))?
39
Calculate 93 - (-12 - (-31 - (-6 + (-1 - 12) + 12))).
81
What is -4 - -6 - (-13 - (-5 + 8)) - (-285 - -293)?
10
-63 + 152 + -109 + 1 + -21
-40
What is the value of (-108 - -84 - -185) + -34?
127
What is (2 - (-11 - 1)) + (-731 - -758) + 8?
49
What is the value of 16 + -9 + (12 - 17) - 15?
-13
Calculate -7 - (8 - (-4 - -19)) - -20.
20
10 + ((-11 - -20) + -12 - -46) + (2 - 9)
46
What is the value of -1 + (-11 - -2) + (-19 - (46 - -3 - -1))?
-79
Evaluate 54 + (22 - 24) + -28 + 11.
35
What is the value of -1767 - -1806 - (75 - -2)?
-38
What is the value of (-1169 - -1126) + 69 + 5?
31
What is (-45 - (-25 + -32)) + -1 + -3 + -1?
7
What is the value of -3244 + 3179 + (-4 - (-4 + 5))?
-70
(-152 - (-49 + 47 + -27)) + 33
-90
What is the value of 4 - (128 + -209) - -46?
131
Calculate -100 - (-3 - (-6 + -8 + 3 + 4)).
-104
Evaluate -15 - (-9 + (22 - 18) - 15) - -43.
48
Evaluate (38 + -4 - 4) + (-36 - (-32 + 6)).
20
Calculate -19 + (-44 - -32 - -22) + (-1 - -1 - 25).
-34
What is the value of -11 + 2 - (-18 + 4 + -17 + 28)?
-6
What is 2 + -8 - (-19 + 37 + -8)?
-16
Calculate -193 + 38 + 76 + 103.
24
Calculate (0 - -11) + 5 + -6 + -21 + -15.
-26
Evaluate 124 + (-66 - (-113 - -100)).
71
What is (-1 - -80 - (17 + -13 - 4)) + -91 + 85?
73
Calculate -15 + 53 + -75 + 17 - (12 + 3).
-35
23 + (13 + 3 - 10) + 0
29
What is the value of -5691 + 5697 + -1 + (2 - (1 + 17))?
-11
Calculate 17 - (4 - (-57 + -23 + 19)).
-48
Calculate 693 - 744 - (18 + -4).
-65
Evaluate 7 + (214 + -151 - (6 - -12)).
52
Calculate -23 - (-66 + 15 + 14) - 4.
10
What is the value of (13 - (106 + -81 - ((-6 - -22) + -3))) + -13?
-12
107 + (-18 - -10) + (-7 - (17 + -21))
96
What is the value of (14 - (15 + -2) - (9 + 2)) + -1 + -74?
-85
50 + -113 + 91 + -50
-22
13 + (7 - -1) + (3 + 34 - 36)
22
Calculate 35 + -9 + 3 + -17 - 64 - 17.
-69
Calculate (-31 - 10) + (-4 - -20) + 50.
25
Calculate -27 - ((-24 - (-63 - -26)) + -24).
-16
-15 + (-9 - (19 - (19 + -10) - 20) - 4)
-18
Calculate 21 - (-1 - -16 - 16) - 60.
-38
-16 + -143 + 128 + -1 + 11
-21
What is the value of -143 + 261 + -130 + -59 + 0?
-71
Calculate (0 - (27 - 21) - -20) + 3.
17
Evaluate 192 + -203 + -1 + -1 + 13 - (48 - 4).
-44
Evaluate (-1794 - -1838) + 1 + -56.
-11
Calculate -1 + -78 - (-14 + ((64 - 14) + -23 - 18)).
-74
What is (0 - 47) + -1 + 2 + -9 + -11?
-66
What is the value of (81 - 93) + 3 + -1 + 10 + -1 + 73?
72
What is the value of -9 + -54 + 160 - 48?
49
What is the value of (-2 - 6) + -20 - (275 - 407)?
104
What is the value of (28 - 7 - (-113 - -170)) + 18?
-18
Calculate -38 - (27 - (-28 - -13 - -46)).
-34
Evaluate 13 + -47 + 50 + 8 + 1 + -8.
17
What is -5 + 2 + 14 + -8 + (-4 - (-28 - -43))?
-16
Calculate -68 + 30 + -80 + 2 + 27.
-89
44 + (23 + -10 + -5 - 21)
31
Calculate (-25 - -11) + -6 - -26.
6
Evaluate -12 + 3 + (3071 - 3071).
-9
-12 - (32 - (4 - (28 - 30)))
-38
Evaluate 2 + (-87 - (9 + -8 + 7 - 20)).
-73
Evaluate 95 + -100 - (1 + 0) - (2 - 20) - 1.
11
Calculate (26 - (3 - -20) - -12) + 2 - (-6 + 1).
22
What is -94 + (-33 - -23 - -29)?
-75
Evaluate (-143 - -84) + (17 - (-14 - -11)).
-39
Calculate -887 + 900 + 1 + 1 + -50.
-35
(7 + 0 + 0 - (-41 + (-58 - -141))) + -10
-45
What is the value of 10 + 1 + (431 - 439) - -1?
4
What is 12 + -17 + 72 - ((-13 - -23) + -1)?
58
4 - (0 - 11 - (165 + -178)) - (3 - 6)
5
Evaluate -8 + 6 + 12 + (-570 - -437).
-123
Calculate -82 + 33 - 47 - -57.
-39
Calculate 690 - 789 - (0 + -44).
-55
-35 - (9 - (-6 - -21)) - -8
-21
Calcu